se 9
6
111 (base 15) to base 6
1041
-2 (base 12) to base 3
-2
What is 1011 (base 2) in base 6?
15
-11 (base 13) to base 12
-12
Convert 2 (base 14) to base 13.
2
4 (base 10) to base 15
4
Convert -1 (base 4) to base 3.
-1
-2 (base 11) to base 8
-2
220 (base 6) to base 3
10010
Convert -3 (base 5) to base 3.
-10
25 (base 12) to base 15
1e
Convert -56 (base 16) to base 6.
-222
2a (base 16) to base 2
101010
-17 (base 10) to base 11
-16
1 (base 3) to base 13
1
-1d (base 15) to base 11
-26
Convert 1 (base 5) to base 8.
1
What is -2 (base 12) in base 2?
-10
Convert 21 (base 6) to base 15.
d
Convert 3 (base 6) to base 8.
3
What is 30 (base 9) in base 14?
1d
-3 (base 8) to base 14
-3
What is 2 (base 6) in base 2?
10
-4 (base 14) to base 3
-11
Convert 2 (base 10) to base 11.
2
What is -33 (base 14) in base 10?
-45
What is 101 (base 2) in base 14?
5
8 (base 15) to base 11
8
Convert 30 (base 14) to base 10.
42
Convert -d (base 14) to base 10.
-13
Convert -1a (base 12) to base 15.
-17
Convert 410 (base 5) to base 16.
69
6 (base 16) to base 10
6
What is 1 (base 13) in base 16?
1
What is 412 (base 6) in base 13?
b9
What is b (base 14) in base 6?
15
-131 (base 6) to base 2
-110111
What is 3 (base 4) in base 11?
3
What is -7 (base 11) in base 7?
-10
-c4 (base 16) to base 3
-21021
Convert 28 (base 9) to base 16.
1a
What is -75 (base 8) in base 2?
-111101
Convert 89 (base 11) to base 3.
10121
What is -3 (base 14) in base 3?
-10
-1 (base 8) to base 3
-1
Convert 30 (base 6) to base 13.
15
What is 3 (base 15) in base 4?
3
What is -2 (base 15) in base 10?
-2
Convert 3 (base 7) to base 6.
3
-311 (base 4) to base 10
-53
-11110010 (base 2) to base 16
-f2
What is f (base 16) in base 9?
16
What is b (base 15) in base 7?
14
32 (base 14) to base 3
1122
What is 3 (base 16) in base 10?
3
Convert -111 (base 2) to base 10.
-7
What is -120 (base 5) in base 4?
-203
What is 32 (base 11) in base 12?
2b
-3 (base 10) to base 11
-3
What is 32 (base 10) in base 7?
44
3 (base 13) to base 10
3
32 (base 12) to base 7
53
Convert 2 (base 3) to base 9.
2
Convert -276 (base 8) to base 13.
-118
Convert b (base 16) to base 12.
b
0 (base 2) to base 3
0
Convert -7 (base 12) to base 2.
-111
Convert 256 (base 9) to base 5.
1323
Convert -211 (base 9) to base 3.
-20101
-10 (base 7) to base 13
-7
What is -18 (base 11) in base 15?
-14
What is -11121 (base 3) in base 13?
-97
2 (base 12) to base 3
2
What is 2 (base 9) in base 14?
2
Convert -7 (base 8) to base 9.
-7
-110010 (base 2) to base 8
-62
Convert 13 (base 6) to base 2.
1001
What is -2 (base 10) in base 11?
-2
-13 (base 14) to base 9
-18
0 (base 9) to base 8
0
What is e9 (base 15) in base 16?
db
What is 20 (base 4) in base 6?
12
Convert 1 (base 6) to base 9.
1
11 (base 15) to base 13
13
What is -11102 (base 3) in base 12?
-9b
What is -325 (base 6) in base 2?
-1111101
2 (base 4) to base 15
2
What is 104 (base 6) in base 2?
101000
What is -6 (base 15) in base 7?
-6
What is -54 (base 12) in base 8?
-100
What is -1d (base 14) in base 9?
-30
-10 (base 10) to base 16
-a
11 (base 4) to base 10
5
Convert -110 (base 16) to base 4.
-10100
What is 63 (base 9) in base 10?
57
Convert -1200 (base 4) to base 12.
-80
What is 25 (base 14) in base 3?
1020
What is 2324 (base 5) in base 11?
289
-7 (base 14) to base 10
-7
Convert 4 (base 12) to base 16.
4
Convert 1301 (base 4) to base 10.
113
2 (base 13) to base 15
2
Convert 200 (base 5) to base 2.
110010
-12 (base 3) to base 2
-101
What is -3001 (base 4) in base 6?
-521
13 (base 4) to base 12
7
Convert 2 (base 13) to base 5.
2
Convert 20 (base 6) to base 15.
c
Convert 4 (base 7) to base 13.
4
-3 (base 14) to base 2
-11
Convert 431 (base 5) to base 7.
224
-4 (base 9) to base 14
-4
Convert -6 (base 9) to base 16.
-6
Convert -24 (base 5) to base 3.
-112
-11 (base 13) to base 6
-22
-336 (base 9) to base 5
-2101
Convert -40 (base 9) to base 11.
-33
What is -6 (base 7) in base 2?
-110
4 (base 12) to base 11
4
What is -2 (base 12) in base 4?
-2
Convert -81 (base 13) to base 12.
-89
What is -2 (base 3) in base 8?
-2
What is -11011010 (base 2) in base 5?
-1333
What is 1133 (base 4) in base 7?
164
10 (base 13) to base 16
d
What is 20 (base 4) in base 12?
8
111 (base 6) to base 13
34
What is 3 (base 5) in base 13?
3
Convert 110 (base 7) to base 16.
38
4 (base 6) to base 12
4
35 (base 7) to base 15
1b
What is -12 (base 6) in base 9?
-8
-3 (base 13) to base 15
-3
-db (base 15) to base 10
-206
What is -8 (base 10) in base 11?
-8
What is -3 (base 14) in base 3?
-10
What is 35 (base 14) in base 4?
233
-1010 (base 4) to base 10
-68
1 (base 6) to base 3
1
Convert 0 (base 9) to base 4.
0
Convert -1 (base 13) to base 16.
-1
What is -212 (base 4) in base 16?
-26
-1 (base 4) to base 6
-1
Convert 0 (base 13) to base 2.
0
What is 6 (base 12) in base 8?
6
What is 6 (base 8) in base 2?
110
0 (base 15) to base 4
0
What is -102 (base 3) in base 14?
-b
-2 (base 15) to base 5
-2
-1a8 (base 13) to base 2
-100110011
Convert -64 (base 12) to base 7.
-136
Convert 1 (base 14) to base 9.
1
2 (base 5) to base 9
2
Convert 2 (base 6) to base 11.
2
70 (base 10) to base 9
77
What is -202 (base 4) in base 14?
-26
-106 (base 9) to base 12
-73
Convert -42 (base 6) to base 16.
-1a
-3 (base 8) to base 12
-3
What is -15 (base 10) in base 4?
-33
-11110 (base 2) to base 14
-22
What is 201 (base 5) in base 14?
39
Convert -3 (base 14) to base 5.
-3
What is 59 (base 14) in base 11?
72
1011000 (base 2) to base 3
10021
What is 1 (base 9) in base 8?
1
149 (base 10) to base 6
405
What is 78 (base 16) in base 4?
1320
What is -59 (base 13) in base 10?
-74
What is -21 (base 3) in base 13?
-7
Convert 11 (base 10) to base 16.
b
52 (base 10) to base 4
310
What is -212 (base 3) in base 11?
-21
-5a (base 14) to base 12
-68
10 (base 5) to base 14
5
6b (base 12) to base 8
123
Convert -97 (base 13) to base 15.
-84
What is -68 (base 12) in base 6?
-212
7 (base 13) to base 4
13
9 (base 11) to base 6
13
What is -6 (base 13) in base 12?
-6
Convert -1 (base 11) to base 9.
-1
-10 (base 2) to base 5
-2
20 (base 8) to base 7
22
-11 (base 6) to base 4
-13
-1101 (base 2) to base 15
-d
2 (base 5) to base 11
2
21 (base 7) to base 4
33
Convert -200 (base 3) to base 8.
-22
10 (base 16) to base 15
11
What is -90 (base 12) in base 2?
-1101100
Convert -21 (base 4) to base 7.
-12
What is -5 (base 8) in base 10?
-5
Convert 92 (base 10) to base 5.
332
What is 6 (base 8) in base 5?
11
Convert 146 (base 9) to base 13.
96
What is -22 (base 8) in base 4?
-102
Convert -212 (base 7) to base 2.
-1101011
What is -242 (base 6) in base 4?
-1202
What is -175 (base 12) in base 14?
-129
Convert 10 (base 5) to base 4.
11
Convert 28 (base 15) to base 10.
38
Convert -215 (base 12) to base 9.
-368
Convert -6 (base 12) to base 7.
-6
Convert 112 (base 16) to base 14.
158
42 (base 15) to base 8
76
What is 4 (base 8) in base 5?
4
Convert -16 (base 9) to base 7.
-21
Convert -111 (base 2) to base 8.
-7
102 (base 3) to base 14
b
Convert 3 (base 12) to base 7.
3
-331 (base 7) to base 8
-251
a (base 14) to base 13
a
-12 (base 7) to base 5
-14
Convert 25 (base 14) to base 8.
41
Convert -7b (base 12) to base 5.
-340
8 (base 16) to base 3
22
-21 (base 10) to base 14
-17
What is -26 (base 15) in base 6?
-100
13 (base 9) to base 2
1100
-212 (base 7) to base 9
-128
What is 1010011 (base 2) in base 3?
10002
Convert -4 (base 5) to base 10.
-4
Convert 11 (base 5) to base 9.
6
-3a (base 12) to base 2
-101110
Convert -100 (base 2) to base 5.
-4
110001 (base 2) to base 3
1211
-73 (base 8) to base 2
-111011
What is -122 (base 7) in base 4?
-1001
7 (base 13) to base 11
7
Convert 2 (base 16) to base 14.
2
What is -5 (base 9) in base 6?
-5
What is -231 (base 5) in base 14?
-4a
Convert 11 (base 3) to base 9.
4
25 (base 15) to base 11
32
3333 (base 4) to base 8
377
What is -4 (base 10) in base 11?
-4
What is 2 (base 3) in base 16?
2
Convert 0 (base 7) to base 8.
0
Convert 6 (base 16) to base 15.
6
-11 (base 2) to base 4
-3
2 (base 11) to base 9
2
What is 1 (base 15) in base 3?
1
b (base 14) to base 12
b
Convert -66 (base 11) to base 3.
-2200
7 (base 15) to base 5
12
What is 23 (base 4) in base 7?
14
-7 (base 13) to base 11
-7
-2 (base 3) to base 7
-2
-17 (base 14) to base 11
-1a
-20 (base 15) to base 7
-42
What is 31 (base 7) in base 2?
10110